{"id":11182,"date":"2023-11-23T10:57:06","date_gmt":"2023-11-23T13:57:06","guid":{"rendered":"https:\/\/dismag.com.br\/?post_type=product&#038;p=11182"},"modified":"2023-12-04T15:25:40","modified_gmt":"2023-12-04T18:25:40","slug":"valvula-de-controle-para-servicos-pesados-5200-6400-rtk","status":"publish","type":"product","link":"https:\/\/dismag.com.br\/index.php\/produto\/valvula-de-controle-para-servicos-pesados-5200-6400-rtk\/","title":{"rendered":"V\u00e1lvula de Controle para Servi\u00e7os Pesados 5200 \/ 6400 &#8211; RTK"},"content":{"rendered":"","protected":false},"excerpt":{"rendered":"<h5>V\u00e1lvula de controle globo guiada por gaiola multifuncional.<\/h5>\n<p>&nbsp;<\/p>\n<p>\u2022 Altas capacidades baixas proporcionam maior \u00e1rea baixa, velocidade corporal reduzida e perda de press\u00e3o<br \/>\n\u2022 A contraporca do garfo garante f\u00e1cil desmontagem<br \/>\n\u2022 O acabamento em a\u00e7o endurecido\/inoxid\u00e1vel fornece duas vezes a vida \u00fatil do acabamento em a\u00e7o inoxid\u00e1vel 316<br \/>\n\u2022 Veda\u00e7\u00e3o do copo com tr\u00eas vezes a superf\u00edcie de desgaste de v\u00e1lvulas competitivas para vazamento duradouro veda\u00e7\u00e3o herm\u00e9tica<br \/>\n\u2022 V\u00e1rias op\u00e7\u00f5es de gaiola para m\u00e1ximo versatilidade<br \/>\n\u2022 Design de plugue balanceado proporciona suavidade controle de alta press\u00e3o<br \/>\n\u2022 Atuadores ultracompactos com instala\u00e7\u00e3o herm\u00e9tica espa\u00e7os<br \/>\n\u2022 O design de fechamento mais apertado proporciona excepcional desempenho at\u00e9 Classe VI<br \/>\n\u2022 Atuadores compactos podem ser facilmente instalados em espa\u00e7os apertados<\/p>\n<p>&nbsp;<\/p>\n<p><img fetchpriority=\"high\" decoding=\"async\" class=\"alignnone size-full wp-image-11184\" src=\"https:\/\/dismag.com.br\/wp-content\/uploads\/2023\/11\/iScreen-Shoter-Pre-Visualizacao-231123105931.png\" alt=\"\" width=\"900\" height=\"1318\" srcset=\"https:\/\/dismag.com.br\/wp-content\/uploads\/2023\/11\/iScreen-Shoter-Pre-Visualizacao-231123105931.png 900w, https:\/\/dismag.com.br\/wp-content\/uploads\/2023\/11\/iScreen-Shoter-Pre-Visualizacao-231123105931-205x300.png 205w, https:\/\/dismag.com.br\/wp-content\/uploads\/2023\/11\/iScreen-Shoter-Pre-Visualizacao-231123105931-699x1024.png 699w, https:\/\/dismag.com.br\/wp-content\/uploads\/2023\/11\/iScreen-Shoter-Pre-Visualizacao-231123105931-768x1125.png 768w, https:\/\/dismag.com.br\/wp-content\/uploads\/2023\/11\/iScreen-Shoter-Pre-Visualizacao-231123105931-500x732.png 500w\" sizes=\"(max-width: 900px) 100vw, 900px\" \/><\/p>\n","protected":false},"featured_media":11183,"template":"","meta":{"_joinchat":[]},"product_brand":[],"product_cat":[333,104],"product_tag":[],"class_list":{"0":"post-11182","1":"product","2":"type-product","3":"status-publish","4":"has-post-thumbnail","6":"product_cat-rtk","7":"product_cat-valvulas","9":"first","10":"instock","11":"shipping-taxable","12":"product-type-simple"},"_links":{"self":[{"href":"https:\/\/dismag.com.br\/index.php\/wp-json\/wp\/v2\/product\/11182"}],"collection":[{"href":"https:\/\/dismag.com.br\/index.php\/wp-json\/wp\/v2\/product"}],"about":[{"href":"https:\/\/dismag.com.br\/index.php\/wp-json\/wp\/v2\/types\/product"}],"version-history":[{"count":1,"href":"https:\/\/dismag.com.br\/index.php\/wp-json\/wp\/v2\/product\/11182\/revisions"}],"predecessor-version":[{"id":11185,"href":"https:\/\/dismag.com.br\/index.php\/wp-json\/wp\/v2\/product\/11182\/revisions\/11185"}],"wp:featuredmedia":[{"embeddable":true,"href":"https:\/\/dismag.com.br\/index.php\/wp-json\/wp\/v2\/media\/11183"}],"wp:attachment":[{"href":"https:\/\/dismag.com.br\/index.php\/wp-json\/wp\/v2\/media?parent=11182"}],"wp:term":[{"taxonomy":"product_brand","embeddable":true,"href":"https:\/\/dismag.com.br\/index.php\/wp-json\/wp\/v2\/product_brand?post=11182"},{"taxonomy":"product_cat","embeddable":true,"href":"https:\/\/dismag.com.br\/index.php\/wp-json\/wp\/v2\/product_cat?post=11182"},{"taxonomy":"product_tag","embeddable":true,"href":"https:\/\/dismag.com.br\/index.php\/wp-json\/wp\/v2\/product_tag?post=11182"}],"curies":[{"name":"wp","href":"https:\/\/api.w.org\/{rel}","templated":true}]}}