{"id":11199,"date":"2023-11-23T14:53:53","date_gmt":"2023-11-23T17:53:53","guid":{"rendered":"https:\/\/dismag.com.br\/?post_type=product&#038;p=11199"},"modified":"2023-12-04T15:24:47","modified_gmt":"2023-12-04T18:24:47","slug":"valvulas-de-controle-de-agua-de-alimentacao-com-conexao-de-recirculacao-5291-5391-rtk","status":"publish","type":"product","link":"https:\/\/dismag.com.br\/index.php\/produto\/valvulas-de-controle-de-agua-de-alimentacao-com-conexao-de-recirculacao-5291-5391-rtk\/","title":{"rendered":"V\u00e1lvulas de controle de \u00e1gua de alimenta\u00e7\u00e3o com conex\u00e3o de recircula\u00e7\u00e3o 5291 \/ 5391 &#8211; RTK"},"content":{"rendered":"","protected":false},"excerpt":{"rendered":"<h5>V\u00e1lvula de controle para sistemas de controle de \u00e1gua de alimenta\u00e7\u00e3o de caldeiras a vapor.<\/h5>\n<h5><\/h5>\n<p>\u2022 Bomba de alimenta\u00e7\u00e3o da caldeira protegida com seguran\u00e7a contra queda abaixo da taxa baixa m\u00ednima<br \/>\n\u2022 Taxa baixa de recircula\u00e7\u00e3o ajust\u00e1vel<br \/>\n\u2022 Plugue perfurado para controle de \u00e1gua de alimenta\u00e7\u00e3o<br \/>\n\u2022 Classifica\u00e7\u00f5es de vapor da caldeira 5&#8230;50t\/h<\/p>\n<p>&nbsp;<\/p>\n<p><img fetchpriority=\"high\" decoding=\"async\" class=\"alignnone size-full wp-image-11200\" src=\"https:\/\/dismag.com.br\/wp-content\/uploads\/2023\/11\/iScreen-Shoter-Pre-Visualizacao-231123145529.png\" alt=\"\" width=\"742\" height=\"859\" srcset=\"https:\/\/dismag.com.br\/wp-content\/uploads\/2023\/11\/iScreen-Shoter-Pre-Visualizacao-231123145529.png 742w, https:\/\/dismag.com.br\/wp-content\/uploads\/2023\/11\/iScreen-Shoter-Pre-Visualizacao-231123145529-259x300.png 259w, https:\/\/dismag.com.br\/wp-content\/uploads\/2023\/11\/iScreen-Shoter-Pre-Visualizacao-231123145529-500x579.png 500w\" sizes=\"(max-width: 742px) 100vw, 742px\" \/><\/p>\n","protected":false},"featured_media":11201,"template":"","meta":{"_joinchat":[]},"product_brand":[],"product_cat":[333,104],"product_tag":[],"class_list":{"0":"post-11199","1":"product","2":"type-product","3":"status-publish","4":"has-post-thumbnail","6":"product_cat-rtk","7":"product_cat-valvulas","9":"first","10":"instock","11":"shipping-taxable","12":"product-type-simple"},"_links":{"self":[{"href":"https:\/\/dismag.com.br\/index.php\/wp-json\/wp\/v2\/product\/11199"}],"collection":[{"href":"https:\/\/dismag.com.br\/index.php\/wp-json\/wp\/v2\/product"}],"about":[{"href":"https:\/\/dismag.com.br\/index.php\/wp-json\/wp\/v2\/types\/product"}],"version-history":[{"count":1,"href":"https:\/\/dismag.com.br\/index.php\/wp-json\/wp\/v2\/product\/11199\/revisions"}],"predecessor-version":[{"id":11202,"href":"https:\/\/dismag.com.br\/index.php\/wp-json\/wp\/v2\/product\/11199\/revisions\/11202"}],"wp:featuredmedia":[{"embeddable":true,"href":"https:\/\/dismag.com.br\/index.php\/wp-json\/wp\/v2\/media\/11201"}],"wp:attachment":[{"href":"https:\/\/dismag.com.br\/index.php\/wp-json\/wp\/v2\/media?parent=11199"}],"wp:term":[{"taxonomy":"product_brand","embeddable":true,"href":"https:\/\/dismag.com.br\/index.php\/wp-json\/wp\/v2\/product_brand?post=11199"},{"taxonomy":"product_cat","embeddable":true,"href":"https:\/\/dismag.com.br\/index.php\/wp-json\/wp\/v2\/product_cat?post=11199"},{"taxonomy":"product_tag","embeddable":true,"href":"https:\/\/dismag.com.br\/index.php\/wp-json\/wp\/v2\/product_tag?post=11199"}],"curies":[{"name":"wp","href":"https:\/\/api.w.org\/{rel}","templated":true}]}}