{"id":11208,"date":"2023-11-23T15:51:48","date_gmt":"2023-11-23T18:51:48","guid":{"rendered":"https:\/\/dismag.com.br\/?post_type=product&#038;p=11208"},"modified":"2023-12-04T15:24:33","modified_gmt":"2023-12-04T18:24:33","slug":"valvulas-de-purga-inferior-6291-rtk","status":"publish","type":"product","link":"https:\/\/dismag.com.br\/index.php\/produto\/valvulas-de-purga-inferior-6291-rtk\/","title":{"rendered":"V\u00e1lvulas de purga inferior 6291 &#8211; RTK"},"content":{"rendered":"","protected":false},"excerpt":{"rendered":"<h5>V\u00e1lvulas de purga inferior para caldeiras a vapor.<\/h5>\n<p>&nbsp;<\/p>\n<p>\u2022 Embalagem livre de manuten\u00e7\u00e3o<br \/>\n\u2022 V\u00e1lvula de passagem transparente<br \/>\n\u2022 Prote\u00e7\u00e3o da gaxeta da haste por retroveda\u00e7\u00e3o<br \/>\n\u2022 F\u00e1cil substitui\u00e7\u00e3o do plugue<br \/>\n\u2022 Suscetibilidade reduzida ao golpe de ar\u00edete devido ao cap\u00f4 ter uma cruz menor \u00e1rea seccional<br \/>\n\u2022 Plugue guiado que reduz a vibra\u00e7\u00e3o do plug<br \/>\n\u2022 Fornecido com B7A de alta qualidade ranhurado juntas<\/p>\n<p>&nbsp;<\/p>\n<p><img fetchpriority=\"high\" decoding=\"async\" class=\"alignnone size-full wp-image-11210\" src=\"https:\/\/dismag.com.br\/wp-content\/uploads\/2023\/11\/iScreen-Shoter-Pre-Visualizacao-231123155401.png\" alt=\"\" width=\"1011\" height=\"969\" srcset=\"https:\/\/dismag.com.br\/wp-content\/uploads\/2023\/11\/iScreen-Shoter-Pre-Visualizacao-231123155401.png 1011w, https:\/\/dismag.com.br\/wp-content\/uploads\/2023\/11\/iScreen-Shoter-Pre-Visualizacao-231123155401-300x288.png 300w, https:\/\/dismag.com.br\/wp-content\/uploads\/2023\/11\/iScreen-Shoter-Pre-Visualizacao-231123155401-768x736.png 768w, https:\/\/dismag.com.br\/wp-content\/uploads\/2023\/11\/iScreen-Shoter-Pre-Visualizacao-231123155401-500x479.png 500w\" sizes=\"(max-width: 1011px) 100vw, 1011px\" \/><\/p>\n","protected":false},"featured_media":11212,"template":"","meta":{"_joinchat":[]},"product_brand":[],"product_cat":[333,104],"product_tag":[],"class_list":{"0":"post-11208","1":"product","2":"type-product","3":"status-publish","4":"has-post-thumbnail","6":"product_cat-rtk","7":"product_cat-valvulas","9":"first","10":"instock","11":"shipping-taxable","12":"product-type-simple"},"_links":{"self":[{"href":"https:\/\/dismag.com.br\/index.php\/wp-json\/wp\/v2\/product\/11208"}],"collection":[{"href":"https:\/\/dismag.com.br\/index.php\/wp-json\/wp\/v2\/product"}],"about":[{"href":"https:\/\/dismag.com.br\/index.php\/wp-json\/wp\/v2\/types\/product"}],"version-history":[{"count":1,"href":"https:\/\/dismag.com.br\/index.php\/wp-json\/wp\/v2\/product\/11208\/revisions"}],"predecessor-version":[{"id":11211,"href":"https:\/\/dismag.com.br\/index.php\/wp-json\/wp\/v2\/product\/11208\/revisions\/11211"}],"wp:featuredmedia":[{"embeddable":true,"href":"https:\/\/dismag.com.br\/index.php\/wp-json\/wp\/v2\/media\/11212"}],"wp:attachment":[{"href":"https:\/\/dismag.com.br\/index.php\/wp-json\/wp\/v2\/media?parent=11208"}],"wp:term":[{"taxonomy":"product_brand","embeddable":true,"href":"https:\/\/dismag.com.br\/index.php\/wp-json\/wp\/v2\/product_brand?post=11208"},{"taxonomy":"product_cat","embeddable":true,"href":"https:\/\/dismag.com.br\/index.php\/wp-json\/wp\/v2\/product_cat?post=11208"},{"taxonomy":"product_tag","embeddable":true,"href":"https:\/\/dismag.com.br\/index.php\/wp-json\/wp\/v2\/product_tag?post=11208"}],"curies":[{"name":"wp","href":"https:\/\/api.w.org\/{rel}","templated":true}]}}