{"id":11238,"date":"2023-11-30T15:13:06","date_gmt":"2023-11-30T18:13:06","guid":{"rendered":"https:\/\/dismag.com.br\/?post_type=product&#038;p=11238"},"modified":"2023-12-04T15:28:54","modified_gmt":"2023-12-04T18:28:54","slug":"atuadores-eletricos-reac-tron-rtk","status":"publish","type":"product","link":"https:\/\/dismag.com.br\/index.php\/produto\/atuadores-eletricos-reac-tron-rtk\/","title":{"rendered":"Atuadores el\u00e9tricos REac-Tron &#8211; RTK"},"content":{"rendered":"","protected":false},"excerpt":{"rendered":"<h5>Atuador el\u00e9trico para v\u00e1lvulas de controle com controlador PID de loop \u00fanico integrado:<\/h5>\n<p>\u2022 Tipo de controlador PID de loop \u00fanico: Qube<br \/>\n\u2022 Fonte de alimenta\u00e7\u00e3o: 24 Vcc<br \/>\n\u2022 Entrada: mA, V, PT100, TC (selecion\u00e1vel livremente)<\/p>\n<p>\u2022 Sa\u00edda: passo de 3 pontos<br \/>\n\u2022 Grau de prote\u00e7\u00e3o: IP65<br \/>\n\u2022 Temperatura ambiente: 0-50\u00b0C<br \/>\n\u2022 Unidade de alimenta\u00e7\u00e3o: entrada 115\/230Vca sa\u00edda 24Vcc<br \/>\n\u2022 Conectores pr\u00e9-cabeados<\/p>\n<h5><\/h5>\n<h5>Op\u00e7\u00f5es:<\/h5>\n<p>\u2022 interface RS485 Modbus (a pedido)<br \/>\n\u2022 RElog (iniciando dispositivo para emerg\u00eancia unidade de fechamento)<br \/>\n\u2022 Aprova\u00e7\u00e3o:NRTL<\/p>\n<p>&nbsp;<\/p>\n<p><img fetchpriority=\"high\" decoding=\"async\" class=\"alignnone size-full wp-image-11239\" src=\"https:\/\/dismag.com.br\/wp-content\/uploads\/2023\/11\/iScreen-Shoter-Pre-Visualizacao-231130153041.png\" alt=\"\" width=\"808\" height=\"1224\" srcset=\"https:\/\/dismag.com.br\/wp-content\/uploads\/2023\/11\/iScreen-Shoter-Pre-Visualizacao-231130153041.png 808w, https:\/\/dismag.com.br\/wp-content\/uploads\/2023\/11\/iScreen-Shoter-Pre-Visualizacao-231130153041-198x300.png 198w, https:\/\/dismag.com.br\/wp-content\/uploads\/2023\/11\/iScreen-Shoter-Pre-Visualizacao-231130153041-676x1024.png 676w, https:\/\/dismag.com.br\/wp-content\/uploads\/2023\/11\/iScreen-Shoter-Pre-Visualizacao-231130153041-768x1163.png 768w, https:\/\/dismag.com.br\/wp-content\/uploads\/2023\/11\/iScreen-Shoter-Pre-Visualizacao-231130153041-500x757.png 500w\" sizes=\"(max-width: 808px) 100vw, 808px\" \/><\/p>\n","protected":false},"featured_media":11240,"template":"","meta":{"_joinchat":[]},"product_brand":[],"product_cat":[333,104],"product_tag":[],"class_list":{"0":"post-11238","1":"product","2":"type-product","3":"status-publish","4":"has-post-thumbnail","6":"product_cat-rtk","7":"product_cat-valvulas","9":"first","10":"instock","11":"shipping-taxable","12":"product-type-simple"},"_links":{"self":[{"href":"https:\/\/dismag.com.br\/index.php\/wp-json\/wp\/v2\/product\/11238"}],"collection":[{"href":"https:\/\/dismag.com.br\/index.php\/wp-json\/wp\/v2\/product"}],"about":[{"href":"https:\/\/dismag.com.br\/index.php\/wp-json\/wp\/v2\/types\/product"}],"version-history":[{"count":1,"href":"https:\/\/dismag.com.br\/index.php\/wp-json\/wp\/v2\/product\/11238\/revisions"}],"predecessor-version":[{"id":11241,"href":"https:\/\/dismag.com.br\/index.php\/wp-json\/wp\/v2\/product\/11238\/revisions\/11241"}],"wp:featuredmedia":[{"embeddable":true,"href":"https:\/\/dismag.com.br\/index.php\/wp-json\/wp\/v2\/media\/11240"}],"wp:attachment":[{"href":"https:\/\/dismag.com.br\/index.php\/wp-json\/wp\/v2\/media?parent=11238"}],"wp:term":[{"taxonomy":"product_brand","embeddable":true,"href":"https:\/\/dismag.com.br\/index.php\/wp-json\/wp\/v2\/product_brand?post=11238"},{"taxonomy":"product_cat","embeddable":true,"href":"https:\/\/dismag.com.br\/index.php\/wp-json\/wp\/v2\/product_cat?post=11238"},{"taxonomy":"product_tag","embeddable":true,"href":"https:\/\/dismag.com.br\/index.php\/wp-json\/wp\/v2\/product_tag?post=11238"}],"curies":[{"name":"wp","href":"https:\/\/api.w.org\/{rel}","templated":true}]}}