{"id":11242,"date":"2023-11-30T15:34:10","date_gmt":"2023-11-30T18:34:10","guid":{"rendered":"https:\/\/dismag.com.br\/?post_type=product&#038;p=11242"},"modified":"2023-12-04T15:28:59","modified_gmt":"2023-12-04T18:28:59","slug":"atuadores-eletricos-st-5106-rtk","status":"publish","type":"product","link":"https:\/\/dismag.com.br\/index.php\/produto\/atuadores-eletricos-st-5106-rtk\/","title":{"rendered":"Atuadores el\u00e9tricos ST 5106 &#8211; RTK"},"content":{"rendered":"","protected":false},"excerpt":{"rendered":"<h5>Atuador el\u00e9trico para v\u00e1lvulas de controle e liga\/desliga:<\/h5>\n<p>\u2022 Controle via passo de 3 pontos<br \/>\n\u2022Interruptores de limite abertos e fechados<br \/>\n\u2022 2 interruptores de limite livremente selecion\u00e1veis<br \/>\n(apenas ST 5106)<br \/>\n\u2022 Volante<br \/>\n\u2022 Classifica\u00e7\u00e3o de prote\u00e7\u00e3o IP65<br \/>\n\u2022 Indicador de curso mec\u00e2nico<\/p>\n<p>&nbsp;<\/p>\n<h5>\nOp\u00e7\u00f5es:<\/h5>\n<p>\u2022 Aquecedor anticondensa\u00e7\u00e3o<br \/>\n\u2022 Potenci\u00f4metro de feedback<br \/>\n\u2022 Transdutor de feedback de 2 ou 3 fios<br \/>\n\u2022 Posicionador de v\u00e1lvula digital<br \/>\n\u2022 Sistema de barramento (ProibusDP, CANopen)<\/p>\n<p>\u2022 Unidade hidr\u00e1ulica fechada com falha<br \/>\n\u2022 Partida de motor h\u00edbrido trif\u00e1sico<\/p>\n<p>&nbsp;<\/p>\n<p><img fetchpriority=\"high\" decoding=\"async\" class=\"alignnone size-full wp-image-11243\" src=\"https:\/\/dismag.com.br\/wp-content\/uploads\/2023\/11\/iScreen-Shoter-Pre-Visualizacao-231130153531.png\" alt=\"\" width=\"934\" height=\"1363\" srcset=\"https:\/\/dismag.com.br\/wp-content\/uploads\/2023\/11\/iScreen-Shoter-Pre-Visualizacao-231130153531.png 934w, https:\/\/dismag.com.br\/wp-content\/uploads\/2023\/11\/iScreen-Shoter-Pre-Visualizacao-231130153531-206x300.png 206w, https:\/\/dismag.com.br\/wp-content\/uploads\/2023\/11\/iScreen-Shoter-Pre-Visualizacao-231130153531-702x1024.png 702w, https:\/\/dismag.com.br\/wp-content\/uploads\/2023\/11\/iScreen-Shoter-Pre-Visualizacao-231130153531-768x1121.png 768w, https:\/\/dismag.com.br\/wp-content\/uploads\/2023\/11\/iScreen-Shoter-Pre-Visualizacao-231130153531-500x730.png 500w\" sizes=\"(max-width: 934px) 100vw, 934px\" \/><\/p>\n","protected":false},"featured_media":11244,"template":"","meta":{"_joinchat":[]},"product_brand":[],"product_cat":[333,104],"product_tag":[],"class_list":{"0":"post-11242","1":"product","2":"type-product","3":"status-publish","4":"has-post-thumbnail","6":"product_cat-rtk","7":"product_cat-valvulas","9":"first","10":"instock","11":"shipping-taxable","12":"product-type-simple"},"_links":{"self":[{"href":"https:\/\/dismag.com.br\/index.php\/wp-json\/wp\/v2\/product\/11242"}],"collection":[{"href":"https:\/\/dismag.com.br\/index.php\/wp-json\/wp\/v2\/product"}],"about":[{"href":"https:\/\/dismag.com.br\/index.php\/wp-json\/wp\/v2\/types\/product"}],"version-history":[{"count":1,"href":"https:\/\/dismag.com.br\/index.php\/wp-json\/wp\/v2\/product\/11242\/revisions"}],"predecessor-version":[{"id":11245,"href":"https:\/\/dismag.com.br\/index.php\/wp-json\/wp\/v2\/product\/11242\/revisions\/11245"}],"wp:featuredmedia":[{"embeddable":true,"href":"https:\/\/dismag.com.br\/index.php\/wp-json\/wp\/v2\/media\/11244"}],"wp:attachment":[{"href":"https:\/\/dismag.com.br\/index.php\/wp-json\/wp\/v2\/media?parent=11242"}],"wp:term":[{"taxonomy":"product_brand","embeddable":true,"href":"https:\/\/dismag.com.br\/index.php\/wp-json\/wp\/v2\/product_brand?post=11242"},{"taxonomy":"product_cat","embeddable":true,"href":"https:\/\/dismag.com.br\/index.php\/wp-json\/wp\/v2\/product_cat?post=11242"},{"taxonomy":"product_tag","embeddable":true,"href":"https:\/\/dismag.com.br\/index.php\/wp-json\/wp\/v2\/product_tag?post=11242"}],"curies":[{"name":"wp","href":"https:\/\/api.w.org\/{rel}","templated":true}]}}