{"id":11273,"date":"2023-12-01T09:26:24","date_gmt":"2023-12-01T12:26:24","guid":{"rendered":"https:\/\/dismag.com.br\/?post_type=product&#038;p=11273"},"modified":"2023-12-04T15:31:03","modified_gmt":"2023-12-04T18:31:03","slug":"valvulas-de-parada-manuais-com-vedacao-de-fole-sf-8090-rtk","status":"publish","type":"product","link":"https:\/\/dismag.com.br\/index.php\/produto\/valvulas-de-parada-manuais-com-vedacao-de-fole-sf-8090-rtk\/","title":{"rendered":"V\u00e1lvulas de parada manuais com veda\u00e7\u00e3o de fole SF 8090 &#8211; RTK"},"content":{"rendered":"","protected":false},"excerpt":{"rendered":"<div class=\"page\" title=\"Page 37\">\n<div class=\"section\">\n<div class=\"layoutArea\">\n<div class=\"column\">\n<h5>Series:<\/h5>\n<ul>\n<li>\n<div class=\"page\" title=\"Page 37\">\n<div class=\"section\">\n<div class=\"layoutArea\">\n<div class=\"column\">\n<p>SF 8090<\/p>\n<\/div>\n<\/div>\n<\/div>\n<\/div>\n<\/li>\n<\/ul>\n<div class=\"page\" title=\"Page 37\">\n<div class=\"section\">\n<div class=\"layoutArea\">\n<div class=\"column\">\n<h5><\/h5>\n<h5>Os filtros s\u00e3o usados \u200b\u200bpara proteger as plantas e seus componentes contra detritos s\u00f3lidos.<br \/>\nAdequado para \u00e1gua, vapor, ar, \u00f3leo t\u00e9rmico e outros neutros e n\u00e3o agressivos<br \/>\nfluidos at\u00e9 +350 \u00b0C:<\/h5>\n<div class=\"page\" title=\"Page 37\">\n<div class=\"section\">\n<div class=\"layoutArea\">\n<div class=\"column\">\n<p>\u2022 Peneira feita de a\u00e7o inoxid\u00e1vel<br \/>\n\u2022 Altos valores Kvs (valores Zeta favor\u00e1veis)<\/p>\n<p>\u2022 F\u00e1cil de remover a peneira para limpeza<br \/>\n\u2022 Retirar o tamp\u00e3o de drenagem<\/p>\n<\/div>\n<p><img fetchpriority=\"high\" decoding=\"async\" class=\"alignnone wp-image-11274 size-full\" src=\"https:\/\/dismag.com.br\/wp-content\/uploads\/2023\/12\/iScreen-Shoter-Pre-Visualizacao-231201092743.png\" alt=\"\" width=\"1010\" height=\"488\" srcset=\"https:\/\/dismag.com.br\/wp-content\/uploads\/2023\/12\/iScreen-Shoter-Pre-Visualizacao-231201092743.png 1010w, https:\/\/dismag.com.br\/wp-content\/uploads\/2023\/12\/iScreen-Shoter-Pre-Visualizacao-231201092743-300x145.png 300w, https:\/\/dismag.com.br\/wp-content\/uploads\/2023\/12\/iScreen-Shoter-Pre-Visualizacao-231201092743-768x371.png 768w, https:\/\/dismag.com.br\/wp-content\/uploads\/2023\/12\/iScreen-Shoter-Pre-Visualizacao-231201092743-870x420.png 870w, https:\/\/dismag.com.br\/wp-content\/uploads\/2023\/12\/iScreen-Shoter-Pre-Visualizacao-231201092743-500x242.png 500w\" sizes=\"(max-width: 1010px) 100vw, 1010px\" \/><\/p>\n<\/div>\n<\/div>\n<\/div>\n<\/div>\n<\/div>\n<\/div>\n<\/div>\n<\/div>\n<\/div>\n<\/div>\n<\/div>\n","protected":false},"featured_media":11276,"template":"","meta":{"_joinchat":[]},"product_brand":[],"product_cat":[333,104],"product_tag":[],"class_list":{"0":"post-11273","1":"product","2":"type-product","3":"status-publish","4":"has-post-thumbnail","6":"product_cat-rtk","7":"product_cat-valvulas","9":"first","10":"instock","11":"shipping-taxable","12":"product-type-simple"},"_links":{"self":[{"href":"https:\/\/dismag.com.br\/index.php\/wp-json\/wp\/v2\/product\/11273"}],"collection":[{"href":"https:\/\/dismag.com.br\/index.php\/wp-json\/wp\/v2\/product"}],"about":[{"href":"https:\/\/dismag.com.br\/index.php\/wp-json\/wp\/v2\/types\/product"}],"version-history":[{"count":1,"href":"https:\/\/dismag.com.br\/index.php\/wp-json\/wp\/v2\/product\/11273\/revisions"}],"predecessor-version":[{"id":11277,"href":"https:\/\/dismag.com.br\/index.php\/wp-json\/wp\/v2\/product\/11273\/revisions\/11277"}],"wp:featuredmedia":[{"embeddable":true,"href":"https:\/\/dismag.com.br\/index.php\/wp-json\/wp\/v2\/media\/11276"}],"wp:attachment":[{"href":"https:\/\/dismag.com.br\/index.php\/wp-json\/wp\/v2\/media?parent=11273"}],"wp:term":[{"taxonomy":"product_brand","embeddable":true,"href":"https:\/\/dismag.com.br\/index.php\/wp-json\/wp\/v2\/product_brand?post=11273"},{"taxonomy":"product_cat","embeddable":true,"href":"https:\/\/dismag.com.br\/index.php\/wp-json\/wp\/v2\/product_cat?post=11273"},{"taxonomy":"product_tag","embeddable":true,"href":"https:\/\/dismag.com.br\/index.php\/wp-json\/wp\/v2\/product_tag?post=11273"}],"curies":[{"name":"wp","href":"https:\/\/api.w.org\/{rel}","templated":true}]}}