{"id":8863,"date":"2021-09-21T13:55:59","date_gmt":"2021-09-21T16:55:59","guid":{"rendered":"https:\/\/teste.dismag.com.br\/?post_type=product&#038;p=8863"},"modified":"2022-10-31T10:56:51","modified_gmt":"2022-10-31T13:56:51","slug":"medidor-de-nivel-de-agua-bicolor-visual-aquarian-3000","status":"publish","type":"product","link":"https:\/\/dismag.com.br\/index.php\/produto\/medidor-de-nivel-de-agua-bicolor-visual-aquarian-3000\/","title":{"rendered":"AQUARIAN 3000 VISUAL FOSSIL"},"content":{"rendered":"<p><span style=\"font-family: 'trebuchet ms', geneva, sans-serif; font-size: 14px; color: #999999;\">O <strong>AQUARIAN 3000<\/strong>\u00a0\u00c9 CLASSIFICADO PARA 3000 PSI (207BAR) E PRODUZ UMA IMAGEM VERMELHO \/ VERDE PARA INDICAR O N\u00cdVEL DE \u00c1GUA EM UM TAMBOR DE VAPOR DE ALTA PRESS\u00c3O.<\/span><\/p>\n<p><span style=\"font-family: 'trebuchet ms', geneva, sans-serif; font-size: 14px; color: #999999;\">COM CORPO DE FORMA TRAPEZOIDAL INTEIRI\u00c7A, A LUZ PROJETADA ATRAV\u00c9S DO VAPOR PRODUZ UMA IMAGEM VERMELHA.\u00a0A LUZ PROJETADA ATRAV\u00c9S DA \u00c1GUA \u00c9 REFRATADA E PRODUZ UMA IMAGEM VERDE.<\/span><\/p>\n<p><span style=\"font-family: 'trebuchet ms', geneva, sans-serif; font-size: 14px; color: #999999;\">VIS\u00cdVEL DE \u00c2NGULOS AMPLOS, O ILUMINADOR LED DE ESTADO S\u00d3LIDO FORNECE UMA IMAGEM VERMELHA \/ VERDE CLARA E OFERECE UMA VIDA \u00daTIL DE 10 ANOS SEM MANUTEN\u00c7\u00c3O.\u00a0DOIS DISCOS DE MICA DE QUALIDADE PREMIUM V-1 PROTEGEM E ESTENDEM A VIDA \u00daTIL DO VIDRO E AS ARRUELAS BELLEVILLE ELIMINAM O RE-TORQUE A QUENTE.\u00a0COM PONTAS DE NIPLE OU CONEX\u00d5ES FLANGEADAS, ESTE MAN\u00d4METRO ATENDE AOS REQUISITOS DO C\u00d3DIGO ASME PARA CALDEIRAS E VASOS DE PRESS\u00c3O.<\/span><\/p>\n<p><span style=\"font-family: 'trebuchet ms', geneva, sans-serif; font-size: 14px; color: #999999;\">OS RECURSOS PADR\u00c3O DESTE MEDIDOR DE ALTO DESEMPENHO REDUZEM A MANUTEN\u00c7\u00c3O DA PLANTA E O CUSTO TOTAL DE OPERA\u00c7\u00c3O.\u00a0A PROTE\u00c7\u00c3O DE SEGURAN\u00c7A INTR\u00cdNSECA OPCIONAL E A PROTE\u00c7\u00c3O \u00c0 PROVA DE EXPLOS\u00c3O EST\u00c3O DISPON\u00cdVEIS PARA ATENDER AOS REQUISITOS DE CLASSIFICA\u00c7\u00c3O DE \u00c1REAS PERIGOSAS.<\/span><\/p>\n<hr \/>\n<h5 style=\"text-align: center;\"><span style=\"color: #005286; font-size: 22px; font-family: 'trebuchet ms', geneva, sans-serif;\">SOLICITE UM OR\u00c7AMENTO \ud83d\udce9<\/span><\/h5>\n<p style=\"text-align: center;\"><span style=\"font-family: 'trebuchet ms', geneva, sans-serif;\">[forminator_form id=&#8221;10041&#8243;]<\/span><\/p>\n","protected":false},"excerpt":{"rendered":"<table style=\"width: 100%; border-collapse: collapse; background-color: #f7f7f7; height: 48px;\">\n<tbody>\n<tr style=\"height: 24px;\">\n<td style=\"width: 100%; text-align: center; height: 24px;\"><span style=\"font-family: 'trebuchet ms', geneva, sans-serif; font-size: 14px; color: #005286;\"><strong>PLANILHA DE ESPECIFICA\u00c7\u00c3O<\/strong><\/span><\/td>\n<\/tr>\n<tr style=\"height: 24px;\">\n<td style=\"width: 100%; text-align: center; height: 24px;\"><a href=\"http:\/\/teste.dismag.com.br\/wp-content\/uploads\/2015\/12\/9340-1206-Aquarian-3000-Visual.pdf\" target=\"_blank\" rel=\"noopener\"><span style=\"font-size: 14px; font-family: 'trebuchet ms', geneva, sans-serif; color: #999999;\">CLIQUE AQUI PARA BAIXAR<\/span><\/a><\/td>\n<\/tr>\n<\/tbody>\n<\/table>\n<p style=\"text-align: center;\"><!-- wp:kioken\/spacer {\"className\":\"is-style-fullwidth\",\"kioblocks\":[]} --><\/p>\n<p style=\"text-align: center;\"><!-- \/wp:kioken\/spacer --><\/p>\n","protected":false},"featured_media":8864,"template":"","meta":{"_joinchat":[]},"product_brand":[],"product_cat":[286],"product_tag":[],"class_list":{"0":"post-8863","1":"product","2":"type-product","3":"status-publish","4":"has-post-thumbnail","6":"product_cat-visor-e-chave-de-nivel","8":"first","9":"instock","10":"shipping-taxable","11":"product-type-simple"},"_links":{"self":[{"href":"https:\/\/dismag.com.br\/index.php\/wp-json\/wp\/v2\/product\/8863"}],"collection":[{"href":"https:\/\/dismag.com.br\/index.php\/wp-json\/wp\/v2\/product"}],"about":[{"href":"https:\/\/dismag.com.br\/index.php\/wp-json\/wp\/v2\/types\/product"}],"version-history":[{"count":1,"href":"https:\/\/dismag.com.br\/index.php\/wp-json\/wp\/v2\/product\/8863\/revisions"}],"predecessor-version":[{"id":10308,"href":"https:\/\/dismag.com.br\/index.php\/wp-json\/wp\/v2\/product\/8863\/revisions\/10308"}],"wp:featuredmedia":[{"embeddable":true,"href":"https:\/\/dismag.com.br\/index.php\/wp-json\/wp\/v2\/media\/8864"}],"wp:attachment":[{"href":"https:\/\/dismag.com.br\/index.php\/wp-json\/wp\/v2\/media?parent=8863"}],"wp:term":[{"taxonomy":"product_brand","embeddable":true,"href":"https:\/\/dismag.com.br\/index.php\/wp-json\/wp\/v2\/product_brand?post=8863"},{"taxonomy":"product_cat","embeddable":true,"href":"https:\/\/dismag.com.br\/index.php\/wp-json\/wp\/v2\/product_cat?post=8863"},{"taxonomy":"product_tag","embeddable":true,"href":"https:\/\/dismag.com.br\/index.php\/wp-json\/wp\/v2\/product_tag?post=8863"}],"curies":[{"name":"wp","href":"https:\/\/api.w.org\/{rel}","templated":true}]}}