{"id":8867,"date":"2021-09-21T14:02:39","date_gmt":"2021-09-21T17:02:39","guid":{"rendered":"https:\/\/teste.dismag.com.br\/?post_type=product&#038;p=8867"},"modified":"2022-10-31T10:46:21","modified_gmt":"2022-10-31T13:46:21","slug":"medidor-de-vidro-plano-de-alta-pressao","status":"publish","type":"product","link":"https:\/\/dismag.com.br\/index.php\/produto\/medidor-de-vidro-plano-de-alta-pressao\/","title":{"rendered":"AQUARIAN 1000T FOSSIL"},"content":{"rendered":"<p><span style=\"font-family: 'trebuchet ms', geneva, sans-serif; font-size: 14px; color: #999999;\">O <strong>AQUARIAN 1000T<\/strong> \u00c9 CLASSIFICADO PARA 1000 PSI (69BAR) E \u00c9 ESTRUTURALMENTE PROJETADO COM UM CORPO MAIS ESPESSO E LARGO PARA RESISTIR \u00c0 DEFLEX\u00c3O. O PROJETO ATENDE \u00c0S MAIS RECENTES ALTERA\u00c7\u00d5ES DO C\u00d3DIGO ASME PARA CALDEIRAS E VASOS DE PRESS\u00c3O, QUE N\u00c3O PERMITE MAIS O USO DE CORREIAS CRUZADAS. AS ARRUELAS DE PRESS\u00c3O BELLEVILLE MANT\u00caM O CARREGAMENTO CONSTANTE DA GAXETA EM CICLOS T\u00c9RMICOS E DE PRESS\u00c3O.<\/span><\/p>\n<p><span style=\"font-family: 'trebuchet ms', geneva, sans-serif; font-size: 14px; color: #999999;\">O VIDRO DE BOROSILICATO RETIFICADO E TEMPERADO DE PRECIS\u00c3O FORNECE ALTA RESIST\u00caNCIA E VISIBILIDADE CLARA, ENQUANTO OS ESCUDOS DE MICA PROTEGEM O VIDRO DOS EFEITOS DA EROS\u00c3O PARA UMA VIDA \u00daTIL PROLONGADA.<\/span><\/p>\n<hr \/>\n<h5 style=\"text-align: center;\"><span style=\"color: #005286; font-size: 22px; font-family: 'trebuchet ms', geneva, sans-serif;\">SOLICITE UM OR\u00c7AMENTO \ud83d\udce9<\/span><\/h5>\n<p style=\"text-align: center;\"><span style=\"font-family: 'trebuchet ms', geneva, sans-serif;\">[forminator_form id=&#8221;10041&#8243;]<\/span><\/p>\n","protected":false},"excerpt":{"rendered":"<p>O AQUARIAN 1000T \u00c9 CLASSIFICADO PARA 1000 PSI (69BAR) E \u00c9 ESTRUTURALMENTE PROJETADO COM UM CORPO MAIS ESPESSO E LARGO PARA RESISTIR \u00c0 DEFLEX\u00c3O. O PROJETO ATENDE \u00c0S MAIS RECENTES ALTERA\u00c7\u00d5ES DO C\u00d3DIGO ASME PARA CALDEIRAS E VASOS DE PRESS\u00c3O, QUE N\u00c3O PERMITE MAIS O USO DE CORREIAS CRUZADAS. AS ARRUELAS DE PRESS\u00c3O BELLEVILLE MANT\u00caM O CARREGAMENTO CONSTANTE DA GAXETA EM CICLOS T\u00c9RMICOS E DE PRESS\u00c3O. O VIDRO DE BOROSILICATO RETIFICADO E TEMPERADO DE PRECIS\u00c3O FORNECE ALTA RESIST\u00caNCIA E VISIBILIDADE CLARA, ENQUANTO OS ESCUDOS DE MICA PROTEGEM O VIDRO DOS EFEITOS DA EROS\u00c3O PARA UMA VIDA \u00daTIL PROLONGADA. SOLICITE UM OR\u00c7AMENTO \ud83d\udce9 [forminator_form id=&#8221;10041&#8243;]<\/p>\n","protected":false},"featured_media":8868,"template":"","meta":{"_joinchat":[]},"product_brand":[],"product_cat":[286],"product_tag":[],"class_list":{"0":"post-8867","1":"product","2":"type-product","3":"status-publish","4":"has-post-thumbnail","6":"product_cat-visor-e-chave-de-nivel","8":"first","9":"instock","10":"shipping-taxable","11":"product-type-simple"},"_links":{"self":[{"href":"https:\/\/dismag.com.br\/index.php\/wp-json\/wp\/v2\/product\/8867"}],"collection":[{"href":"https:\/\/dismag.com.br\/index.php\/wp-json\/wp\/v2\/product"}],"about":[{"href":"https:\/\/dismag.com.br\/index.php\/wp-json\/wp\/v2\/types\/product"}],"version-history":[{"count":0,"href":"https:\/\/dismag.com.br\/index.php\/wp-json\/wp\/v2\/product\/8867\/revisions"}],"wp:featuredmedia":[{"embeddable":true,"href":"https:\/\/dismag.com.br\/index.php\/wp-json\/wp\/v2\/media\/8868"}],"wp:attachment":[{"href":"https:\/\/dismag.com.br\/index.php\/wp-json\/wp\/v2\/media?parent=8867"}],"wp:term":[{"taxonomy":"product_brand","embeddable":true,"href":"https:\/\/dismag.com.br\/index.php\/wp-json\/wp\/v2\/product_brand?post=8867"},{"taxonomy":"product_cat","embeddable":true,"href":"https:\/\/dismag.com.br\/index.php\/wp-json\/wp\/v2\/product_cat?post=8867"},{"taxonomy":"product_tag","embeddable":true,"href":"https:\/\/dismag.com.br\/index.php\/wp-json\/wp\/v2\/product_tag?post=8867"}],"curies":[{"name":"wp","href":"https:\/\/api.w.org\/{rel}","templated":true}]}}