{"id":8898,"date":"2021-09-21T15:24:01","date_gmt":"2021-09-21T18:24:01","guid":{"rendered":"https:\/\/teste.dismag.com.br\/?post_type=product&#038;p=8898"},"modified":"2022-10-26T17:43:32","modified_gmt":"2022-10-26T20:43:32","slug":"valvula-controle-schroedahl-du","status":"publish","type":"product","link":"https:\/\/dismag.com.br\/index.php\/produto\/valvula-controle-schroedahl-du\/","title":{"rendered":"V\u00c1LVULA DU SCHROEDAHL"},"content":{"rendered":"<p><strong><img fetchpriority=\"high\" decoding=\"async\" class=\"alignnone wp-image-9095 size-full\" src=\"http:\/\/teste.dismag.com.br\/wp-content\/uploads\/2021\/09\/CIRCOR-Smart-App-Flyer_Digital-Final-common-pg-2-002.png\" alt=\"\" width=\"3171\" height=\"4081\" srcset=\"https:\/\/dismag.com.br\/wp-content\/uploads\/2021\/09\/CIRCOR-Smart-App-Flyer_Digital-Final-common-pg-2-002.png 3171w, https:\/\/dismag.com.br\/wp-content\/uploads\/2021\/09\/CIRCOR-Smart-App-Flyer_Digital-Final-common-pg-2-002-500x643.png 500w\" sizes=\"(max-width: 3171px) 100vw, 3171px\" \/><\/strong><\/p>\n<p style=\"text-align: center;\"><span style=\"color: #005286;\"><strong><span style=\"font-family: 'trebuchet ms', geneva, sans-serif; font-size: 14px;\">CARACTER\u00cdSTICAS DO PRODUTO<\/span><\/strong><\/span><\/p>\n<p><span style=\"font-family: 'trebuchet ms', geneva, sans-serif; font-size: 14px; color: #999999;\">&#8211; FAIXA DE POT\u00caNCIA PARTICULARMENTE GRANDE, GRA\u00c7AS AO SISTEMA INTEGRADO DE RESFRIAMENTO DE VAPOR MOTRIZ PARA UM RESFRIAMENTO PERFEITO<\/span><\/p>\n<p><span style=\"font-family: 'trebuchet ms', geneva, sans-serif; font-size: 14px; color: #999999;\">&#8211; PARA O MANUSEIO IDEAL DE CONDI\u00c7\u00d5ES OPERACIONAIS DIF\u00cdCEIS, CONTROLE DE TEMPERATURA DE ALTA QUALIDADE E PROTE\u00c7\u00c3O IDEAL CONTRA CHOQUES DE TEMPERATURA (V\u00c1LVULA E TUBULA\u00c7\u00c3O)<\/span><\/p>\n<p><span style=\"font-family: 'trebuchet ms', geneva, sans-serif; font-size: 14px; color: #999999;\">&#8211; DESIGN DE BAIXO RU\u00cdDO E DE V\u00c1RIOS EST\u00c1GIOS DO CORPO DO ACELERADOR (BUCHA PERFURADA)<\/span><\/p>\n<p><span style=\"font-family: 'trebuchet ms', geneva, sans-serif; font-size: 14px; color: #999999;\">&#8211; TAMPA APARAFUSADA OU DESIGN AUTOVEDANTE<\/span><\/p>\n<p><span style=\"font-family: 'trebuchet ms', geneva, sans-serif; font-size: 14px; color: #999999;\">&#8211; PROJETO DE BUCHA PERFURADA DE V\u00c1RIOS N\u00cdVEIS DE ALTA QUALIDADE PARA<\/span><\/p>\n<p><span style=\"font-family: 'trebuchet ms', geneva, sans-serif; font-size: 14px; color: #999999;\">&#8211; CONTROLE DE PRESS\u00c3O E OPERA\u00c7\u00c3O SILENCIOSA<\/span><\/p>\n<p><span style=\"font-family: 'trebuchet ms', geneva, sans-serif; font-size: 14px; color: #999999;\">&#8211; SOLU\u00c7\u00d5ES ESPECIAIS PARA INSTALA\u00c7\u00c3O EM SISTEMAS EXISTENTES POSS\u00cdVEIS<\/span><\/p>\n<hr \/>\n<h5 style=\"text-align: center;\"><span style=\"color: #005286; font-size: 22px; font-family: 'trebuchet ms', geneva, sans-serif;\">SOLICITE UM OR\u00c7AMENTO \ud83d\udce9<\/span><\/h5>\n<p style=\"text-align: center;\"><span style=\"font-family: 'trebuchet ms', geneva, sans-serif;\">[forminator_form id=&#8221;10041&#8243;]<\/span><\/p>\n","protected":false},"excerpt":{"rendered":"<table style=\"width: 100%; border-collapse: collapse; background-color: #f7f7f7;\">\n<tbody>\n<tr style=\"height: 24px;\">\n<td style=\"width: 100%; text-align: center; height: 24px;\"><span style=\"color: #005286;\"><strong><span style=\"font-family: 'trebuchet ms', geneva, sans-serif; font-size: 14px;\">PLANILHA DE ESPECIFICA\u00c7\u00c3O<\/span><\/strong><\/span><\/td>\n<\/tr>\n<tr style=\"height: 24px;\">\n<td style=\"width: 100%; text-align: center; height: 24px;\"><span style=\"font-family: 'trebuchet ms', geneva, sans-serif; font-size: 14px; color: #999999;\"><a style=\"color: #999999;\" href=\"https:\/\/docs.google.com\/document\/d\/1CnjSIKj2Pzvl36Vs-v8L2qkHeGxO_d16\/edit?usp=sharing&amp;ouid=114020868691880030677&amp;rtpof=true&amp;sd=true\" target=\"_blank\" rel=\"noopener\">CLIQUE AQUI PARA BAIXAR<\/a><\/span><\/td>\n<\/tr>\n<\/tbody>\n<\/table>\n","protected":false},"featured_media":10283,"template":"","meta":{"_joinchat":[]},"product_brand":[],"product_cat":[287],"product_tag":[],"class_list":{"0":"post-8898","1":"product","2":"type-product","3":"status-publish","4":"has-post-thumbnail","6":"product_cat-valvula-de-recirculacao","8":"first","9":"instock","10":"shipping-taxable","11":"product-type-simple"},"_links":{"self":[{"href":"https:\/\/dismag.com.br\/index.php\/wp-json\/wp\/v2\/product\/8898"}],"collection":[{"href":"https:\/\/dismag.com.br\/index.php\/wp-json\/wp\/v2\/product"}],"about":[{"href":"https:\/\/dismag.com.br\/index.php\/wp-json\/wp\/v2\/types\/product"}],"version-history":[{"count":1,"href":"https:\/\/dismag.com.br\/index.php\/wp-json\/wp\/v2\/product\/8898\/revisions"}],"predecessor-version":[{"id":10282,"href":"https:\/\/dismag.com.br\/index.php\/wp-json\/wp\/v2\/product\/8898\/revisions\/10282"}],"wp:featuredmedia":[{"embeddable":true,"href":"https:\/\/dismag.com.br\/index.php\/wp-json\/wp\/v2\/media\/10283"}],"wp:attachment":[{"href":"https:\/\/dismag.com.br\/index.php\/wp-json\/wp\/v2\/media?parent=8898"}],"wp:term":[{"taxonomy":"product_brand","embeddable":true,"href":"https:\/\/dismag.com.br\/index.php\/wp-json\/wp\/v2\/product_brand?post=8898"},{"taxonomy":"product_cat","embeddable":true,"href":"https:\/\/dismag.com.br\/index.php\/wp-json\/wp\/v2\/product_cat?post=8898"},{"taxonomy":"product_tag","embeddable":true,"href":"https:\/\/dismag.com.br\/index.php\/wp-json\/wp\/v2\/product_tag?post=8898"}],"curies":[{"name":"wp","href":"https:\/\/api.w.org\/{rel}","templated":true}]}}